5*a + 27. Let l(k) = -4*k**3 - 2*k**2. Let i be l(-2). Does 4 divide (a/(-4))/((-94)/i + 4)?
False
Suppose -27*y + 24 = -30. Suppose w + 4*g + g - 166 = 0, -y*w + 288 = -g. Is 5 a factor of w?
False
Is 23 a factor of (-105)/140 - ((-96142)/8 + 1 + -4)?
False
Is (-321 + 0)*(66/165)/((-4)/590) a multiple of 64?
False
Suppose -78*k + 82*k - 3168 = 0. Does 66 divide k?
True
Let n(d) = 48 - 23 - 30*d - d**2 - 39. Is n(-16) a multiple of 14?
True
Let n(u) be the first derivative of 13*u**4/4 + u**3 - 3*u**2/2 + 5*u + 16. Does 23 divide n(2)?
True
Let a = 574 - 1219. Let s = a - -1181. Is s a multiple of 7?
False
Suppose -8*s + 18 = s. Suppose 4*u - 4*p - 177 + 21 = 0, s*u + 2*p - 66 = 0. Suppose 0 = 9*d - 10*d + u. Is 14 a factor of d?
False
Suppose -3*a = 5*i - 147, 5*i - 159 = -4*a - 8. Let g = -45 + i. Let p = g - -98. Is p a multiple of 20?
True
Let b be (-6 + 0)*(-2)/4. Let l(v) = v**3 - 6*v**2 + 7*v - 8. Let w be l(5). Suppose b*f = 3, w*p - 4*f - 218 = 18. Does 13 divide p?
False
Suppose 5 = -5*z + 4*d + 3, 0 = -4*d - 8. Let h be (6 - 8) + (4 - (z - -1)). Let x(v) = 46*v + 5. Is 13 a factor of x(h)?
True
Let w = 2086 - 1756. Is 2 a factor of w?
True
Let v(y) = 3*y**3 - 8*y**2 + 7*y - 6. Suppose -3*j + 23 = -5*u, -4*j - 5*u = -5*j + 11. Is v(j) a multiple of 44?
True
Let z(f) = 972*f - 8514. Does 30 divide z(27)?
True
Suppose 5*i - 114 = -114. Suppose -3*f = 4*s - 89, -4*s + 2*s + 5*f + 25 = i. Let t = 27 - s. Is t a multiple of 5?
False
Suppose 9*k - 7*k - 12096 = -4*j, 4*k - 3*j = 24258. Does 60 divide k?
True
Let i be (-47)/(-5) + -1*(-2)/(-5). Suppose 0 = -i*f + 13*f - 64. Let l(p) = 3*p + 42. Is 30 a factor of l(f)?
True
Is (258 - 254)/((2/(-3))/(-1))*713 a multiple of 4?
False
Let h(m) = -m**3 - 2*m**2 + 3*m + 16. Let z be h(-5). Let y = -13 + z. Is y a multiple of 30?
False
Is 22 a factor of (4 + 658)/(9/198)?
True
Suppose 0 = -23*h + 9*h + 4592. Does 4 divide h?
True
Suppose 37*g = 41*g - 48. Suppose 0 = -4*t + g*t - 1000. Suppose 6*h - 5*h - t = 0. Is h a multiple of 15?
False
Let z = -21 - -23. Let l be (-3)/2 - (z - (-1550)/(-4)). Is 9 a factor of l/21 - 10/35?
True
Suppose 48889 = -279*m + 399034. Is 5 a factor of m?
True
Let t = 1161 - -1494. Is 47 a factor of t?
False
Let a be ((-16)/3)/(2/45). Let b = a - -84. Is (b/(-42))/(4/14)*3 a multiple of 3?
True
Let o be (-2 - -5) + -4*(-1)/(-2). Let x be (-30)/((-6)/o) - -1. Suppose w - x*w + 1285 = 0. Does 9 divide w?
False
Suppose 3*l + 4*n - 103 = 118, -4*l + 305 = -5*n. Does 42 divide (-72040)/(-500) + (-6)/l?
False
Suppose -33*r = 282*r - 6085926 + 1047186. Is 31 a factor of r?
True
Suppose -520 = -14*d - 170. Suppose 0 = 3*g - 5*g + 6. Suppose -g*n = -20 - d. Is n a multiple of 15?
True
Let s = 198 - 207. Is 17 a factor of (13 - 99/s)/(4/34)?
True
Let j(q) = -q - 16. Let s be j(-24). Does 17 divide (s/(-6))/(10/(-435))?
False
Suppose 0 = 5*v - 4*l - 2194, 5*l = -4*v - 471 + 2259. Is v a multiple of 26?
True
Let i(x) = -2*x**3 + 738 - 732 - x**2 + 3*x + 0*x**2. Does 27 divide i(-5)?
True
Let d be (1 + 0)*((-8178)/(-6) - 8). Let h = d + -767. Does 12 divide h?
True
Suppose -90*o + 35 = -85*o. Does 16 divide 0 - (o + -11) - (-327 + 2)?
False
Let z(t) = t**2 - 6*t - 5. Let p be z(7). Let a be ((6 - p) + -64)*(-10)/3. Suppose 5*j = -0*j + a. Does 7 divide j?
False
Is -19 + 6 + (4 - -2514 - 5) a multiple of 10?
True
Let q be 1735 + (8 - (6 - -9)). Let l = q - 1107. Is l a multiple of 59?
False
Suppose -2*n - 81 = -435. Let p be n/4 - (45/20 + -3). Let c = 11 + p. Does 14 divide c?
True
Let w = -22 - 155. Let s be (-6)/(-18) - w/9. Suppose 13*g = 12*g + s. Does 5 divide g?
True
Let w(o) = 1202*o - 68. Let t be w(7). Suppose -20*b + t = 19*b. Is 3 a factor of b?
False
Let j be (0 + -5)*(3 + (-18)/5). Suppose 5*b - 24 = -j*z + 22, -3*z + 5*b + 26 = 0. Is z a multiple of 7?
False
Let f = 4479 - -5733. Is f a multiple of 69?
True
Let a be 7*(6 + -20 - 5). Let u = -55 - a. Is 3 a factor of u?
True
Let g = -115 + 112. Let u(v) be the first derivative of 17*v**3/3 + v**2 - 3*v - 12. Does 10 divide u(g)?
False
Let c = 540 - -825. Does 14 divide c?
False
Suppose -2*r + 50 = -72. Let j = -61 + r. Suppose -3*o = 6, 3*h - 15 = -3*o - j*o. Is h even?
False
Suppose 2*q + 12 = 6*q. Suppose -4*h = -2*n - 2*n - 520, -q*h - 3*n = -372. Let m = h + -58. Does 8 divide m?
False
Let t be ((6/3)/(-2))/((-21)/63). Suppose -5*m + 1068 = 3*i - 8*m, -t*i + 1056 = 3*m. Is 37 a factor of i?
False
Let s(p) = 3249*p**2 + 19*p + 36. Is 73 a factor of s(-2)?
True
Is (-49)/(91/13)*-481 a multiple of 20?
False
Let k = -10789 - -14004. Does 5 divide k?
True
Is (290425/(-120) + (-2 - 152/(-64)))*-6 a multiple of 209?
False
Let d(s) = 3*s - 14. Let w be d(6). Suppose 347 = o - r + 3*r, 3*r + 1377 = w*o. Does 17 divide o?
False
Suppose 284 + 716 = -5*n. Suppose 2*h + 2*a = 10 + 10, -2*a = -2*h. Is (44/h)/((-16)/n) a multiple of 22?
True
Suppose 0 = j + 3*o + 3392 - 10892, o = -j + 7506. Does 41 divide j?
False
Let x(z) = z**3 + 2*z**2 + 11*z + 20. Let j be x(-2). Let i(a) = -41*a**3 - 6*a**2 - 9*a - 4. Is 35 a factor of i(j)?
False
Suppose 71428 = 3*v + 2*u, -u + 37 = 35. Does 48 divide v?
True
Let a(r) = 522*r - 580. Is a(88) a multiple of 13?
False
Let z(m) be the third derivative of m**5/6 + 3*m**4 + m**3 - 14*m**2 + 7. Is z(-8) a multiple of 7?
True
Suppose 0 = 6*v + v + 2114. Let j = 554 + v. Is j a multiple of 7?
True
Let k = 485 + -940. Let l = -81 - k. Does 9 divide l?
False
Let i(t) be the first derivative of -t**4 + 2*t**3/3 - 7*t**2 - 15. Let w(v) be the second derivative of i(v). Does 13 divide w(-2)?
True
Let d(u) = -3098*u - 1108. Is d(-4) a multiple of 28?
True
Let r(g) = -67*g + 5178. Does 14 divide r(47)?
False
Let c(d) = -15*d + 3*d + 5*d - 14*d + 4. Let v be c(-4). Let j = 133 - v. Is j a multiple of 9?
True
Let y be -8*(6 - (-125)/(-20))*6. Suppose 0 = -72*x + y*x + 19500. Is x a multiple of 25?
True
Let g = -2878 - -3587. Is 14 a factor of g?
False
Suppose -4*v - 70707 + 15926 = -5*z, -4*v - 16 = 0. Is 12 a factor of z?
False
Let n(d) = d**3 - d**2 - 3*d + 3. Let i be n(2). Let k be (-9)/6*(i + (1 - 4)). Suppose -7*o + 2*o + k*x = -357, -4*x + 53 = o. Does 17 divide o?
False
Let j(u) = -6*u + 6 + 3*u - 6*u. Let z be j(-2). Let x = z + 0. Does 5 divide x?
False
Let n(k) = -25*k**2 + 6*k - 137. Let f(w) = -12*w**2 + 3*w - 68. Let u(h) = -13*f(h) + 6*n(h). Is u(6) a multiple of 10?
True
Suppose -o = -4*n - 474, n - 4*n - 353 = -2*o. Let l be -9 + (-332)/(-36) - (-1276)/9. Let h = n + l. Is 2 a factor of h?
False
Suppose 44*i = 43*i + 5. Suppose 6 = -3*x, 0*v - 4662 = -4*v - i*x. Is 28 a factor of v?
False
Let q = -512 + 396. Is 26 a factor of (q/(-16) - 4)/(2/16)?
True
Suppose -3*l + 9 = 0, 0 = 6*y - 3*y - 5*l. Let a be (6/y)/((-12)/(-60)). Suppose 5*c = a*c - 205. Is c a multiple of 21?
False
Suppose -u + 7*l + 1 = 3*l, 5*l + 14 = -3*u. Does 13 divide 2/u*3276/(-24)?
True
Let g be 4/((-3)/(-135)*-2). Is (-6312)/g + 22/(-165) a multiple of 2?
True
Let o(j) = 20*j - 10. Let q be 2/(-11) - (-1752)/(-44). Let p = -35 - q. Is 10 a factor of o(p)?
True
Suppose -305565 = -59*n + 4*n - 11315. Is 50 a factor of n?
True
Let h(g) be the first derivative of -g**2 + g + 35/3*g**3 + 27. Is 3 a factor of h(-1)?
False
Suppose 4*j - 97 = -49. Does 87 divide (-9)/(-36) - 3/j*-1391?
True
Suppose 12*k + 15 = 7*k. Let w be (k + 2)*-1*2. Is 4 a factor of (w + (-44)/(-8))/((-2)/(-4))?
False
Let s = 16309 - 9651. Is s a multiple of 43?
False
Let v be (9/(-2))/((-5 - -7)/(-16)). Suppose 0 = 3*k, v = 2*i - 6*k + 4*k. Is 18 a factor of i?
True
Let m(v) = 202*v**3 + 37*v**2 - 135*v - 3. Is 16 a factor of m(4)?
False
Let t(u) = 8*u**2 - 6*u - 79. Is t(-9) a multiple of 5?
False
Let r(b) = -b**2 + 10*b - 1. Let q be r(9). Suppose 0 = -q*m - 31 - 17. Is (1/(-3) - 1)/(m/495) a multiple of 28?
False
Let j be (28/(-8) + 2)*(-3 - -1). Let k(q) = -3*q + 0 - 5*q**2 - 107*q**j + 106*q**3 + 1. Does 29 divide k(-6)?
False
Let r = 71 + -67. Suppose 2*k + k = -5*u + 761, -1008 = -r*k - 5*u. Is k a multiple of 15?
False
Let r(g) = -15*g - 28. Suppose -2*x - 2*x = 20. Let u = -11 - x. Is r(u) a multiple of 18?
False
Let r = -128 - -119. Let p be (-15)/((r - -7) + 2 + 1). Is 25 a factor of 9/p - (-628)/5?
True
Let r(c) = 188*c**2 + 143*c - 18. Is